{"id":4687,"date":"2023-09-08T21:22:44","date_gmt":"2023-09-08T21:22:44","guid":{"rendered":"https:\/\/pafso.aponiawebsolutions.ca\/services\/interpretation-de-la-convention-collective\/"},"modified":"2023-10-18T19:51:51","modified_gmt":"2023-10-18T23:51:51","slug":"interpretation-de-la-convention-collective","status":"publish","type":"services","link":"https:\/\/pafso.com\/fr\/services\/interpretation-de-la-convention-collective\/","title":{"rendered":"Interpr\u00e9tation de la convention collective"},"content":{"rendered":"\t\t<div data-elementor-type=\"wp-post\" data-elementor-id=\"4687\" class=\"elementor elementor-4687 elementor-373\" data-elementor-post-type=\"services\">\n\t\t\t\t\t\t<section class=\"elementor-section elementor-top-section elementor-element elementor-element-ee022b1 elementor-section-boxed elementor-section-height-default elementor-section-height-default\" data-id=\"ee022b1\" data-element_type=\"section\" data-e-type=\"section\">\n\t\t\t\t\t\t<div class=\"elementor-container elementor-column-gap-default\">\n\t\t\t\t\t<div class=\"elementor-column elementor-col-100 elementor-top-column elementor-element elementor-element-5acc450\" data-id=\"5acc450\" data-element_type=\"column\" data-e-type=\"column\">\n\t\t\t<div class=\"elementor-widget-wrap elementor-element-populated\">\n\t\t\t\t\t\t<div class=\"elementor-element elementor-element-38ba59c elementor-widget elementor-widget-text-editor\" data-id=\"38ba59c\" data-element_type=\"widget\" data-e-type=\"widget\" data-widget_type=\"text-editor.default\">\n\t\t\t\t<div class=\"elementor-widget-container\">\n\t\t\t\t\t\t\t\t\t<p>Les conventions collectives peuvent \u00eatre difficiles \u00e0 comprendre. C\u2019est pourquoi vos conseiller.\u00e8res en relations de travail sont \u00e0 votre disposition pour vous aider \u00e0 comprendre les subtilit\u00e9s de votre convention et \u00e9tablir de quelle mani\u00e8re elle s\u2019applique \u00e0 vos pr\u00e9occupations particuli\u00e8res.<\/p>\n\t\t\t\t\t\t\t\t<\/div>\n\t\t\t\t<\/div>\n\t\t\t\t<div class=\"elementor-element elementor-element-b30a477 elementor-widget elementor-widget-heading\" data-id=\"b30a477\" data-element_type=\"widget\" data-e-type=\"widget\" data-widget_type=\"heading.default\">\n\t\t\t\t<div class=\"elementor-widget-container\">\n\t\t\t\t\t<h2 class=\"elementor-heading-title elementor-size-default\">Voici comment nous pouvons aider<\/h2>\t\t\t\t<\/div>\n\t\t\t\t<\/div>\n\t\t\t\t<div class=\"elementor-element elementor-element-42fdcc1 elementor-widget elementor-widget-text-editor\" data-id=\"42fdcc1\" data-element_type=\"widget\" data-e-type=\"widget\" data-widget_type=\"text-editor.default\">\n\t\t\t\t<div class=\"elementor-widget-container\">\n\t\t\t\t\t\t\t\t\t<p><strong>Contactez un.e conseiller.\u00e8re en relations de travail.<\/strong> Nous pouvons vous aider \u00e0 \u00e9tablir si la convention collective s\u2019applique dans votre situation ou \u00e0 comprendre la signification r\u00e9elle d\u2019une disposition particuli\u00e8re.<\/p>\n<p><strong>Ne craignez pas de poser des questions.<\/strong> Votre convention collective est un document extr\u00eamement important qui joue un r\u00f4le crucial dans l\u2019\u00e9tablissement de vos droits \u00e0 titre d\u2019employ\u00e9.e. Il est tr\u00e8s important de bien la comprendre. Ainsi, quelles que soient les questions que vous pouvez avoir, si fondamentales puissent-elles sembler, n\u2019h\u00e9sitez pas \u00e0 communiquer avec nous. Nous nous empresserons de vous obtenir les r\u00e9ponses dont vous avez besoin.<\/p>\n<p><strong>Au-del\u00e0 de la convention collective.<\/strong> L\u2019\u00e9quipe des relations de travail de l\u2019APASE peut aussi aider \u00e0 interpr\u00e9ter et \u00e0 appliquer les politiques et les lois. Nous sommes l\u00e0 pour vous aider \u00e0 comprendre tout ce qui a trait aux modalit\u00e9s et conditions de votre travail.<\/p>\n\t\t\t\t\t\t\t\t<\/div>\n\t\t\t\t<\/div>\n\t\t\t\t\t<\/div>\n\t\t<\/div>\n\t\t\t\t\t<\/div>\n\t\t<\/section>\n\t\t\t\t<\/div>\n\t\t","protected":false},"excerpt":{"rendered":"<p>Vous avez besoin d\u2019aide dans l\u2019interpr\u00e9tation de votre convention collective ? Nous pouvons vous aider.<\/p>\n","protected":false},"featured_media":0,"parent":0,"menu_order":0,"template":"","meta":{"_acf_changed":false,"_seopress_robots_primary_cat":"","_seopress_titles_title":"","_seopress_titles_desc":"","_seopress_robots_index":""},"class_list":["post-4687","services","type-services","status-publish","hentry"],"acf":[],"_links":{"self":[{"href":"https:\/\/pafso.com\/fr\/wp-json\/wp\/v2\/services\/4687","targetHints":{"allow":["GET"]}}],"collection":[{"href":"https:\/\/pafso.com\/fr\/wp-json\/wp\/v2\/services"}],"about":[{"href":"https:\/\/pafso.com\/fr\/wp-json\/wp\/v2\/types\/services"}],"version-history":[{"count":5,"href":"https:\/\/pafso.com\/fr\/wp-json\/wp\/v2\/services\/4687\/revisions"}],"predecessor-version":[{"id":5854,"href":"https:\/\/pafso.com\/fr\/wp-json\/wp\/v2\/services\/4687\/revisions\/5854"}],"wp:attachment":[{"href":"https:\/\/pafso.com\/fr\/wp-json\/wp\/v2\/media?parent=4687"}],"curies":[{"name":"wp","href":"https:\/\/api.w.org\/{rel}","templated":true}]}}

Interprétation de la convention collective

<div data-elementor-type="wp-post" data-elementor-id="4687" class="elementor elementor-4687 elementor-373" data-elementor-post-type="services">
						<section class="elementor-section elementor-top-section elementor-element elementor-element-ee022b1 elementor-section-boxed elementor-section-height-default elementor-section-height-default" data-id="ee022b1" data-element_type="section" data-e-type="section">
						<div class="elementor-container elementor-column-gap-default">
					<div class="elementor-column elementor-col-100 elementor-top-column elementor-element elementor-element-5acc450" data-id="5acc450" data-element_type="column" data-e-type="column">
			<div class="elementor-widget-wrap elementor-element-populated">
						<div class="elementor-element elementor-element-38ba59c elementor-widget elementor-widget-text-editor" data-id="38ba59c" data-element_type="widget" data-e-type="widget" data-widget_type="text-editor.default">
				<div class="elementor-widget-container">
									<p>Les conventions collectives peuvent être difficiles à comprendre. C’est pourquoi vos conseiller.ères en relations de travail sont à votre disposition pour vous aider à comprendre les subtilités de votre convention et établir de quelle manière elle s’applique à vos préoccupations particulières.</p>
								</div>
				</div>
				<div class="elementor-element elementor-element-b30a477 elementor-widget elementor-widget-heading" data-id="b30a477" data-element_type="widget" data-e-type="widget" data-widget_type="heading.default">
				<div class="elementor-widget-container">
					<h2 class="elementor-heading-title elementor-size-default">Voici comment nous pouvons aider</h2>				</div>
				</div>
				<div class="elementor-element elementor-element-42fdcc1 elementor-widget elementor-widget-text-editor" data-id="42fdcc1" data-element_type="widget" data-e-type="widget" data-widget_type="text-editor.default">
				<div class="elementor-widget-container">
									<p><strong>Contactez un.e conseiller.ère en relations de travail.</strong> Nous pouvons vous aider à établir si la convention collective s’applique dans votre situation ou à comprendre la signification réelle d’une disposition particulière.</p>
<p><strong>Ne craignez pas de poser des questions.</strong> Votre convention collective est un document extrêmement important qui joue un rôle crucial dans l’établissement de vos droits à titre d’employé.e. Il est très important de bien la comprendre. Ainsi, quelles que soient les questions que vous pouvez avoir, si fondamentales puissent-elles sembler, n’hésitez pas à communiquer avec nous. Nous nous empresserons de vous obtenir les réponses dont vous avez besoin.</p>
<p><strong>Au-delà de la convention collective.</strong> L’équipe des relations de travail de l’APASE peut aussi aider à interpréter et à appliquer les politiques et les lois. Nous sommes là pour vous aider à comprendre tout ce qui a trait aux modalités et conditions de votre travail.</p>
								</div>
				</div>
					</div>
		</div>
					</div>
		</section>
				</div>

<p>Vous avez besoin d’aide dans l’interprétation de votre convention collective ? Nous pouvons vous aider.</p>
