{"id":4711,"date":"2023-09-08T21:52:53","date_gmt":"2023-09-08T21:52:53","guid":{"rendered":"https:\/\/pafso.aponiawebsolutions.ca\/programs\/prix-commemoratif-randy-orr\/"},"modified":"2023-09-08T21:52:53","modified_gmt":"2023-09-08T21:52:53","slug":"prix-commemoratif-randy-orr","status":"publish","type":"programs","link":"https:\/\/pafso.com\/fr\/programmes\/prix-commemoratif-randy-orr\/","title":{"rendered":"Prix comm\u00e9moratif Randy-Orr"},"content":{"rendered":"\t\t<div data-elementor-type=\"wp-post\" data-elementor-id=\"4711\" class=\"elementor elementor-4711 elementor-750\" data-elementor-post-type=\"programs\">\n\t\t\t\t\t\t<section class=\"elementor-section elementor-top-section elementor-element elementor-element-dba3cdd elementor-section-boxed elementor-section-height-default elementor-section-height-default\" data-id=\"dba3cdd\" data-element_type=\"section\" data-e-type=\"section\">\n\t\t\t\t\t\t<div class=\"elementor-container elementor-column-gap-default\">\n\t\t\t\t\t<div class=\"elementor-column elementor-col-100 elementor-top-column elementor-element elementor-element-f9de698\" data-id=\"f9de698\" data-element_type=\"column\" data-e-type=\"column\">\n\t\t\t<div class=\"elementor-widget-wrap elementor-element-populated\">\n\t\t\t\t\t\t<div class=\"elementor-element elementor-element-ef27059 elementor-widget elementor-widget-text-editor\" data-id=\"ef27059\" data-element_type=\"widget\" data-e-type=\"widget\" data-widget_type=\"text-editor.default\">\n\t\t\t\t<div class=\"elementor-widget-container\">\n\t\t\t\t\t\t\t\t\t<p>Ce prix institu\u00e9 en m\u00e9moire de notre coll\u00e8gue du Comit\u00e9 ex\u00e9cutif aux longs \u00e9tats de service d\u00e9c\u00e9d\u00e9 le 15 septembre 2021 souligne le b\u00e9n\u00e9volat et l\u2019engagement exceptionnel de nos membres, de leurs familles ou d\u2019autres coll\u00e8gues qui ont contribu\u00e9 \u00e0 am\u00e9liorer la vie de ceux et celles qui sont au service du Canada \u00e0 l\u2019\u00e9tranger.<\/p>\n\t\t\t\t\t\t\t\t<\/div>\n\t\t\t\t<\/div>\n\t\t\t\t\t<\/div>\n\t\t<\/div>\n\t\t\t\t\t<\/div>\n\t\t<\/section>\n\t\t\t\t<\/div>\n\t\t","protected":false},"excerpt":{"rendered":"<p>Soulignant le b\u00e9n\u00e9volat et l\u2019engagement exceptionnel.<\/p>\n","protected":false},"featured_media":0,"parent":0,"menu_order":0,"template":"","meta":{"_acf_changed":false,"_seopress_robots_primary_cat":"","_seopress_titles_title":"","_seopress_titles_desc":"","_seopress_robots_index":""},"class_list":["post-4711","programs","type-programs","status-publish","hentry"],"acf":[],"_links":{"self":[{"href":"https:\/\/pafso.com\/fr\/wp-json\/wp\/v2\/programs\/4711","targetHints":{"allow":["GET"]}}],"collection":[{"href":"https:\/\/pafso.com\/fr\/wp-json\/wp\/v2\/programs"}],"about":[{"href":"https:\/\/pafso.com\/fr\/wp-json\/wp\/v2\/types\/programs"}],"version-history":[{"count":1,"href":"https:\/\/pafso.com\/fr\/wp-json\/wp\/v2\/programs\/4711\/revisions"}],"predecessor-version":[{"id":4712,"href":"https:\/\/pafso.com\/fr\/wp-json\/wp\/v2\/programs\/4711\/revisions\/4712"}],"wp:attachment":[{"href":"https:\/\/pafso.com\/fr\/wp-json\/wp\/v2\/media?parent=4711"}],"curies":[{"name":"wp","href":"https:\/\/api.w.org\/{rel}","templated":true}]}}

Prix commémoratif Randy-Orr

<div data-elementor-type="wp-post" data-elementor-id="4711" class="elementor elementor-4711 elementor-750" data-elementor-post-type="programs">
						<section class="elementor-section elementor-top-section elementor-element elementor-element-dba3cdd elementor-section-boxed elementor-section-height-default elementor-section-height-default" data-id="dba3cdd" data-element_type="section" data-e-type="section">
						<div class="elementor-container elementor-column-gap-default">
					<div class="elementor-column elementor-col-100 elementor-top-column elementor-element elementor-element-f9de698" data-id="f9de698" data-element_type="column" data-e-type="column">
			<div class="elementor-widget-wrap elementor-element-populated">
						<div class="elementor-element elementor-element-ef27059 elementor-widget elementor-widget-text-editor" data-id="ef27059" data-element_type="widget" data-e-type="widget" data-widget_type="text-editor.default">
				<div class="elementor-widget-container">
									<p>Ce prix institué en mémoire de notre collègue du Comité exécutif aux longs états de service décédé le 15 septembre 2021 souligne le bénévolat et l’engagement exceptionnel de nos membres, de leurs familles ou d’autres collègues qui ont contribué à améliorer la vie de ceux et celles qui sont au service du Canada à l’étranger.</p>
								</div>
				</div>
					</div>
		</div>
					</div>
		</section>
				</div>

<p>Soulignant le bénévolat et l’engagement exceptionnel.</p>
